{"id":42,"date":"2024-06-22T12:20:28","date_gmt":"2024-06-22T12:20:28","guid":{"rendered":"https:\/\/cs-server4.de\/?page_id=42"},"modified":"2024-06-22T12:32:32","modified_gmt":"2024-06-22T12:32:32","slug":"pyramiden","status":"publish","type":"page","link":"https:\/\/cs-server4.de\/?page_id=42","title":{"rendered":"Pyramiden"},"content":{"rendered":"\t\t<div data-elementor-type=\"wp-page\" data-elementor-id=\"42\" class=\"elementor elementor-42\" data-elementor-post-type=\"page\">\n\t\t\t\t<div class=\"elementor-element elementor-element-27f4b84 e-con-full e-flex e-con e-parent\" data-id=\"27f4b84\" data-element_type=\"container\" data-e-type=\"container\">\n\t\t\t\t<div class=\"elementor-element elementor-element-de967be elementor-widget elementor-widget-text-editor\" data-id=\"de967be\" data-element_type=\"widget\" data-e-type=\"widget\" data-widget_type=\"text-editor.default\">\n\t\t\t\t<div class=\"elementor-widget-container\">\n\t\t\t\t\t\t\t\t\t<div class=\"html--title panel--title\">Entdecke unsere Pyramiden<\/div>\n<div class=\"emotion--html\">\n<div class=\"html--content\">\n<p align=\"justify\">\nf\u00fcr Balkon, Haus und Garten!\n\nSetz&#8216; Deinen Garten in Szene oder staffier&#8217;die triste Ecke in Deinem Haus spektakul\u00e4r aus: mit einem der Modelle unserer Pyramiden. Du kannst sie im Edelrost-Design oder pulverbeschichtet (in wei\u00df oder anthrazit) erhalten. Edelrost wirkt durch seine por\u00f6se Oberfl\u00e4che und seine erdig-braune Farbe im Garten sehr stilvoll. Skulpturen aus mit einer Oberfl\u00e4che aus Edelrost beeindrucken durch ihren altert\u00fcmlichen und antiken Stil \u2013 ebenso als Gartendeko, wie auch als Dekoration in der Wohnung. Die pulverbeschichteten Pyramiden wirken sehr edel und hochwertig. Pulverschichtung ist eine spezielle Form der Beschichtung. Objekte, die auf diese Weise versiegelt werden, sind schlag- und kratzfester als zum Beispiel nasslackierte Gegenst\u00e4nde. Die Pulverbeschichtung ist au\u00dferdem wetterfester und widerstandsf\u00e4higer. Demnach sind auch diese Pyramiden ideal geeignet sowohl im Innen- als auch im Au\u00dfenbereich. Der Boden der Pyramide ist offen und l\u00e4sst sich deswegen von unten beleuchten f\u00fcr spektakul\u00e4re Effekte. So setzt Du Deine Pyramide in Szene \u2013 im Garten oder im Haus. Wundersch\u00f6n: bei Tag und bei Nacht. Bei der Pyramide handelt es sich um einen Pyramidenstumpf mit quadratischer Grundfl\u00e4che. Die unteren Kanten sind 30 cm x 30 cm lang und die oberen 15,5 cm x 15,5 cm. Die H\u00f6he des Pyramidenstumpfs betr\u00e4gt\n\n<\/div>\n<\/div>\t\t\t\t\t\t\t\t<\/div>\n\t\t\t\t<\/div>\n\t\t\t\t<\/div>\n\t\t\t\t<\/div>\n\t\t","protected":false},"excerpt":{"rendered":"<p>Entdecke unsere Pyramiden f\u00fcr Balkon, Haus und Garten! Setz&#8216; Deinen Garten in Szene oder staffier&#8217;die triste Ecke in Deinem Haus spektakul\u00e4r aus: mit einem der Modelle unserer Pyramiden. Du kannst sie im Edelrost-Design oder pulverbeschichtet (in wei\u00df oder anthrazit) erhalten. Edelrost wirkt durch seine por\u00f6se Oberfl\u00e4che und seine erdig-braune Farbe im Garten sehr stilvoll. Skulpturen aus mit einer Oberfl\u00e4che aus Edelrost beeindrucken durch ihren altert\u00fcmlichen und antiken Stil \u2013 ebenso als Gartendeko, wie auch als Dekoration in der Wohnung. Die pulverbeschichteten Pyramiden wirken sehr edel und hochwertig. Pulverschichtung ist eine spezielle Form der Beschichtung. Objekte, die auf diese Weise versiegelt werden, sind schlag- und kratzfester als zum Beispiel nasslackierte Gegenst\u00e4nde. Die Pulverbeschichtung ist au\u00dferdem wetterfester und widerstandsf\u00e4higer. Demnach sind auch diese Pyramiden ideal geeignet sowohl im Innen- als auch im Au\u00dfenbereich. Der Boden der Pyramide ist offen und l\u00e4sst sich deswegen von unten beleuchten f\u00fcr spektakul\u00e4re Effekte. So setzt Du Deine Pyramide in Szene \u2013 im Garten oder im Haus. Wundersch\u00f6n: bei Tag und bei Nacht. Bei der Pyramide handelt es sich um einen Pyramidenstumpf mit quadratischer Grundfl\u00e4che. Die unteren Kanten sind 30 cm x 30 cm lang und die oberen 15,5 cm x 15,5 cm. Die H\u00f6he des Pyramidenstumpfs betr\u00e4gt<\/p>\n","protected":false},"author":1,"featured_media":0,"parent":0,"menu_order":0,"comment_status":"closed","ping_status":"closed","template":"","meta":{"footnotes":""},"class_list":["post-42","page","type-page","status-publish","hentry"],"_links":{"self":[{"href":"https:\/\/cs-server4.de\/index.php?rest_route=\/wp\/v2\/pages\/42","targetHints":{"allow":["GET"]}}],"collection":[{"href":"https:\/\/cs-server4.de\/index.php?rest_route=\/wp\/v2\/pages"}],"about":[{"href":"https:\/\/cs-server4.de\/index.php?rest_route=\/wp\/v2\/types\/page"}],"author":[{"embeddable":true,"href":"https:\/\/cs-server4.de\/index.php?rest_route=\/wp\/v2\/users\/1"}],"replies":[{"embeddable":true,"href":"https:\/\/cs-server4.de\/index.php?rest_route=%2Fwp%2Fv2%2Fcomments&post=42"}],"version-history":[{"count":7,"href":"https:\/\/cs-server4.de\/index.php?rest_route=\/wp\/v2\/pages\/42\/revisions"}],"predecessor-version":[{"id":52,"href":"https:\/\/cs-server4.de\/index.php?rest_route=\/wp\/v2\/pages\/42\/revisions\/52"}],"wp:attachment":[{"href":"https:\/\/cs-server4.de\/index.php?rest_route=%2Fwp%2Fv2%2Fmedia&parent=42"}],"curies":[{"name":"wp","href":"https:\/\/api.w.org\/{rel}","templated":true}]}}