{"id":2,"date":"2024-06-05T09:29:30","date_gmt":"2024-06-05T09:29:30","guid":{"rendered":"https:\/\/cs-server4.de\/?page_id=2"},"modified":"2024-07-08T15:56:28","modified_gmt":"2024-07-08T15:56:28","slug":"start","status":"publish","type":"page","link":"https:\/\/cs-server4.de\/","title":{"rendered":"Start"},"content":{"rendered":"\t\t<div data-elementor-type=\"wp-page\" data-elementor-id=\"2\" class=\"elementor elementor-2\" data-elementor-post-type=\"page\">\n\t\t\t\t<div class=\"elementor-element elementor-element-2df030bd e-flex e-con-boxed e-con e-parent\" data-id=\"2df030bd\" data-element_type=\"container\" data-e-type=\"container\">\n\t\t\t\t\t<div class=\"e-con-inner\">\n\t\t\t\t<div class=\"elementor-element elementor-element-1efc2fb7 elementor-widget elementor-widget-text-editor\" data-id=\"1efc2fb7\" data-element_type=\"widget\" data-e-type=\"widget\" data-widget_type=\"text-editor.default\">\n\t\t\t\t<div class=\"elementor-widget-container\">\n\t\t\t\t\t\t\t\t\t\n<div>\n<div>\n<h5>Was ist <span style=\"color: #ff6600;\">MANUFERRUM<\/span><br \/><br \/><\/h5>\n<div>\n<p>Schmiede und Manufaktur in Neustadt!<\/p>\n<p align=\"justify\">Wir sind eine Manufaktur in Norddeutschland, die sich auf allerlei Dekorationsgegenst\u00e4nde f\u00fcr Haus und Garten spezialisiert hat. Neben Feuerk\u00f6rben, Blumenschalen und Schildern haben wir uns mittlerweile mit unseren besonderen S\u00e4ulen und Pyramiden einen Namen gemacht. Frank, unser Schmied, Gr\u00fcnder und Kreativkopf der Unternehmung greift auf jahrelange Erfahrung im Bereich des Schwei\u00dfens und Schmiedens zur\u00fcck und hat bereits einige neue Motive entwickelt, die die S\u00e4ulen, Pyramiden und Feuerk\u00f6rbe schm\u00fccken. Die Artikel eignen sich nicht nur f\u00fcr den Garten und die Terrasse, sondern auch f\u00fcr den Balkon oder das Wohnzimmer.<\/p>\n<\/div>\n<\/div>\n<\/div>\n<p><!-- \/wp:paragraph -->\n\n\t\t\t\t\t\t\t\t<\/div>\n\t\t\t\t<\/div>\n\t\t\t\t\t<\/div>\n\t\t\t\t<\/div>\n\t\t\t\t<\/div>\n\t\t","protected":false},"excerpt":{"rendered":"<p>Was ist MANUFERRUM Schmiede und Manufaktur in Neustadt! Wir sind eine Manufaktur in Norddeutschland, die sich auf allerlei Dekorationsgegenst\u00e4nde f\u00fcr Haus und Garten spezialisiert hat. Neben Feuerk\u00f6rben, Blumenschalen und Schildern haben wir uns mittlerweile mit unseren besonderen S\u00e4ulen und Pyramiden einen Namen gemacht. Frank, unser Schmied, Gr\u00fcnder und Kreativkopf der Unternehmung greift auf jahrelange Erfahrung im Bereich des Schwei\u00dfens und Schmiedens zur\u00fcck und hat bereits einige neue Motive entwickelt, die die S\u00e4ulen, Pyramiden und Feuerk\u00f6rbe schm\u00fccken. Die Artikel eignen sich nicht nur f\u00fcr den Garten und die Terrasse, sondern auch f\u00fcr den Balkon oder das Wohnzimmer.<\/p>\n","protected":false},"author":1,"featured_media":0,"parent":0,"menu_order":0,"comment_status":"closed","ping_status":"closed","template":"","meta":{"footnotes":""},"class_list":["post-2","page","type-page","status-publish","hentry"],"_links":{"self":[{"href":"https:\/\/cs-server4.de\/index.php?rest_route=\/wp\/v2\/pages\/2","targetHints":{"allow":["GET"]}}],"collection":[{"href":"https:\/\/cs-server4.de\/index.php?rest_route=\/wp\/v2\/pages"}],"about":[{"href":"https:\/\/cs-server4.de\/index.php?rest_route=\/wp\/v2\/types\/page"}],"author":[{"embeddable":true,"href":"https:\/\/cs-server4.de\/index.php?rest_route=\/wp\/v2\/users\/1"}],"replies":[{"embeddable":true,"href":"https:\/\/cs-server4.de\/index.php?rest_route=%2Fwp%2Fv2%2Fcomments&post=2"}],"version-history":[{"count":7,"href":"https:\/\/cs-server4.de\/index.php?rest_route=\/wp\/v2\/pages\/2\/revisions"}],"predecessor-version":[{"id":72,"href":"https:\/\/cs-server4.de\/index.php?rest_route=\/wp\/v2\/pages\/2\/revisions\/72"}],"wp:attachment":[{"href":"https:\/\/cs-server4.de\/index.php?rest_route=%2Fwp%2Fv2%2Fmedia&parent=2"}],"curies":[{"name":"wp","href":"https:\/\/api.w.org\/{rel}","templated":true}]}}